{"id":5,"date":"2018-01-09T20:13:50","date_gmt":"2018-01-09T20:13:50","guid":{"rendered":"http:\/\/mosaics.dickinson.edu\/mexicanmigration2003\/?page_id=5"},"modified":"2018-01-10T15:56:15","modified_gmt":"2018-01-10T15:56:15","slug":"mexican-migration-mosaic-2003","status":"publish","type":"page","link":"https:\/\/mosaics.dickinson.edu\/mexicanmigration2003\/","title":{"rendered":"Mexican Migration Mosaic, 2003"},"content":{"rendered":"<h5>Adams County, PA, USA &amp;<br \/>\nPeriban de Ramos, Michoacan, Mexico<\/h5>\n<p><img loading=\"lazy\" decoding=\"async\" class=\"wp-image-6 size-full alignnone\" src=\"http:\/\/mosaics.dickinson.edu\/mexicanmigration2003\/wp-content\/uploads\/sites\/9\/2018\/01\/image035.jpg\" alt=\"Apple Tree\" width=\"152\" height=\"180\" \/> \u00a0 \u00a0 \u00a0 \u00a0 \u00a0 \u00a0\u00a0 <img loading=\"lazy\" decoding=\"async\" id=\"longdesc-return-7\" class=\"size-full wp-image-7 alignnone\" tabindex=\"-1\" src=\"http:\/\/mosaics.dickinson.edu\/mexicanmigration2003\/wp-content\/uploads\/sites\/9\/2018\/01\/image037.jpg\" alt=\"Man Picking Apples\" width=\"124\" height=\"179\" longdesc=\"http:\/\/mosaics.dickinson.edu\/mexicanmigration2003?longdesc=7&amp;referrer=5\" \/><\/p>\n<p>Dickinson students and faculty in the Mexican Migration Mosaic worked with communities in Adams County, Pennsylvania and Perib\u00e1n in Michoac\u00e1n, Mexico. These communities, which lie on opposite ends of the continent, stand connected through family, work and circular migration. Participating in intensive fieldwork, students came to better understand the living and labor conditions, the economy and culture, and the lives of people in both regions. They also had the opportunity to pick apples in the Adams County orchards, visit migrant worker camps, teach ESL in school classes and after-school programs, work with the health clinics, and interview growers and advocacy groups in Adams County. In Perib\u00e1n, students were involved in ethnographic fieldwork and interviewing families of migrant workers and people who have settled in Adams County.<\/p>\n<p><img loading=\"lazy\" decoding=\"async\" id=\"longdesc-return-8\" class=\"alignnone size-full wp-image-8\" tabindex=\"-1\" src=\"http:\/\/mosaics.dickinson.edu\/mexicanmigration2003\/wp-content\/uploads\/sites\/9\/2018\/01\/image038.jpg\" alt=\"Conversation at the table\" width=\"183\" height=\"146\" longdesc=\"http:\/\/mosaics.dickinson.edu\/mexicanmigration2003?longdesc=8&amp;referrer=5\" \/> \u00a0 \u00a0 \u00a0 \u00a0 <img loading=\"lazy\" decoding=\"async\" id=\"longdesc-return-9\" class=\"alignnone size-full wp-image-9\" tabindex=\"-1\" src=\"http:\/\/mosaics.dickinson.edu\/mexicanmigration2003\/wp-content\/uploads\/sites\/9\/2018\/01\/image039.jpg\" alt=\"Group Photograph\" width=\"168\" height=\"144\" longdesc=\"http:\/\/mosaics.dickinson.edu\/mexicanmigration2003?longdesc=9&amp;referrer=5\" \/><\/p>\n<p>We had lots of conversations with people who have crossed the border to work in El Norte.<\/p>\n<p><img loading=\"lazy\" decoding=\"async\" id=\"longdesc-return-11\" class=\"alignnone size-full wp-image-11\" tabindex=\"-1\" src=\"http:\/\/mosaics.dickinson.edu\/mexicanmigration2003\/wp-content\/uploads\/sites\/9\/2018\/01\/image041.jpg\" alt=\"Profile of a Man\" width=\"140\" height=\"104\" longdesc=\"http:\/\/mosaics.dickinson.edu\/mexicanmigration2003?longdesc=11&amp;referrer=5\" \/> \u00a0 \u00a0 <img loading=\"lazy\" decoding=\"async\" id=\"longdesc-return-10\" class=\"alignnone size-full wp-image-10\" tabindex=\"-1\" src=\"http:\/\/mosaics.dickinson.edu\/mexicanmigration2003\/wp-content\/uploads\/sites\/9\/2018\/01\/image040.jpg\" alt=\"Man with Apron\" width=\"93\" height=\"141\" longdesc=\"http:\/\/mosaics.dickinson.edu\/mexicanmigration2003?longdesc=10&amp;referrer=5\" \/> \u00a0 \u00a0 <img loading=\"lazy\" decoding=\"async\" id=\"longdesc-return-12\" class=\"alignnone size-full wp-image-12\" tabindex=\"-1\" src=\"http:\/\/mosaics.dickinson.edu\/mexicanmigration2003\/wp-content\/uploads\/sites\/9\/2018\/01\/image043.jpg\" alt=\"Man in black and white\" width=\"133\" height=\"104\" longdesc=\"http:\/\/mosaics.dickinson.edu\/mexicanmigration2003?longdesc=12&amp;referrer=5\" \/><\/p>\n<p>In the process, we all learned much about ourselves, the U.S. and Mexico \u2013 and the people who traverse both cultures.<\/p>\n<p><img loading=\"lazy\" decoding=\"async\" id=\"longdesc-return-13\" class=\"alignnone size-full wp-image-13\" tabindex=\"-1\" src=\"http:\/\/mosaics.dickinson.edu\/mexicanmigration2003\/wp-content\/uploads\/sites\/9\/2018\/01\/image044.jpg\" alt=\"Mosaic Student and Kids\" width=\"170\" height=\"176\" longdesc=\"http:\/\/mosaics.dickinson.edu\/mexicanmigration2003?longdesc=13&amp;referrer=5\" \/> \u00a0 \u00a0\u00a0 <img loading=\"lazy\" decoding=\"async\" id=\"longdesc-return-14\" class=\"alignnone size-full wp-image-14\" tabindex=\"-1\" src=\"http:\/\/mosaics.dickinson.edu\/mexicanmigration2003\/wp-content\/uploads\/sites\/9\/2018\/01\/image045.jpg\" alt=\"Group Picture\" width=\"165\" height=\"174\" longdesc=\"http:\/\/mosaics.dickinson.edu\/mexicanmigration2003?longdesc=14&amp;referrer=5\" \/><\/p>\n<h4>Adams County, Pennsylvania:<\/h4>\n<p><img loading=\"lazy\" decoding=\"async\" class=\"size-full wp-image-16 alignnone\" src=\"http:\/\/mosaics.dickinson.edu\/mexicanmigration2003\/wp-content\/uploads\/sites\/9\/2018\/01\/image047.jpg\" alt=\"Apple Picker\" width=\"228\" height=\"157\" \/><\/p>\n<p>\u201cThe apple capital of the country,\u201d has experienced a large increase in Mexican residents and workers since the early 1990s. While only a few Mexicans worked in the apple orchards in the 1980s, today they represent 25% of the total population of 581 residents in York Springs, one of several small towns that dot the countryside. In order to better understand the lives of Mexican migrant workers, the patterns of circular migration, and community reception, faculty at Dickinson College designed a semester-long Mexican Migration Mosaic Project that engaged 3 faculty and 21 students in ethnographic fieldwork and oral history interviewing. Interested in the patterns of community transformation, Mexican migration and settlement, labor and ethnic relations, and family and educational issues, we interviewed Mexican seasonal migrant workers who lived and worked in the camps and huertas (orchards), crew leaders, farm owners, Mexicans who have begun to settle in the small towns around the area, their Anglo neighbors, government and school officials, and school teachers.<\/p>\n<p>Adams County in Central Pennsylvania is an important place to understand the lives of Mexican-Americans, for unlike California, Texas, New Mexico, Arizona, or other regions well known as destinations for immigrants from Latin America, Pennsylvania does not share a border with Mexico. It never was a part of the Mexican Republic, nor does it have a large pre-existing Spanish speaking or Native American population, nor a long history of relations between Anglo-Americans and Mexican-Americans. Thus, we were able to work with a relatively new ethnic community which is in the process of negotiating its place within the culture of a region of the United States that, for the most part, is new territory. We were also able to conduct oral history interviews in the region from which many of the Mexican residents come: Perib\u00e1n.<\/p>\n<p><img loading=\"lazy\" decoding=\"async\" id=\"longdesc-return-17\" class=\"size-full wp-image-17 alignnone\" tabindex=\"-1\" src=\"http:\/\/mosaics.dickinson.edu\/mexicanmigration2003\/wp-content\/uploads\/sites\/9\/2018\/01\/image048.jpg\" alt=\"Photograph of landscape\" width=\"292\" height=\"195\" longdesc=\"http:\/\/mosaics.dickinson.edu\/mexicanmigration2003?longdesc=17&amp;referrer=5\" \/><\/p>\n<h4>Perib\u00e1n, Michoac\u00e1n, M\u00e9xico:<\/h4>\n<p>By tracking where money orders were sent, the 1998 Mosaic discovered that the majority of the Mexicans living in York Springs, Pennsylvania came from Perib\u00e1n in the highlands of Michoac\u00e1n, M\u00e9xico. After the harvest season had ended, we left the apple orchards of Adams County for the avocado orchards of Perib\u00e1n and spent the month of November doing ethnographic field work and conducting oral history interviews. By the end of fall 2003, we had conducted some 87 video and audio-taped interviews, about 30 of which have been transcribed. We also had more informal conversations with some 15 migrant workers, most of whom were undocumented. Because of their illegal status, we only took handwritten notes of those conversations and used pseudonyms.<\/p>\n<p>Through oral history interviewing, we were able to learn what the causes, costs and consequences of migration have been for and by the people who traverse the border and come to live in two communities. We gained a much greater understanding not only of migrant labor and ethnic diversity in Adams County and the transformation of York Springs as a community undergoing great change, but also of the sacrifices made by men, women and children on both sides of the border &#8211; and the love that sustains them. While some families are broken or cut off by the experience of migration and migrant work, others are stretched across the borders and remain in contact with letters, phone calls, emails, video tapes, music, food, clothes and money going back and forth. It is these individuals and families who are transforming their communities at home and abroad and, in the process, forming transnational communities in both Adams County and Perib\u00e1n.<\/p>\n<p><img loading=\"lazy\" decoding=\"async\" class=\"size-full wp-image-18 alignnone\" src=\"http:\/\/mosaics.dickinson.edu\/mexicanmigration2003\/wp-content\/uploads\/sites\/9\/2018\/01\/image049.jpg\" alt=\"Dinner Table\" width=\"178\" height=\"142\" \/><\/p>\n<p>\u201cThe reception was amazing,\u201d said Susan Rose, a sociologist and one of the 3 faculty members directing the Mosaic along with Professors Marcelo Borges (History) and Kjell Enge (Anthropology). People have been very warm and welcoming, willing to open their homes and share their lives with us. It has been a remarkable experience. \u201cIn the first week in Perib\u00e1n we were invited to have a meal with at least 5 families- all 14 of us!\u201d All of the families- and virtually everyone we have met &#8211; has either worked in the United States at one point in time, or has a family member who works in the U.S. now. Since Perib\u00e1n is off the tourist track, we are very noticeable but people have been very open and welcoming- in part because people have friends and family who work and live in the United States. Perib\u00e1n de Ramos, surrounded by avocado orchards, is also a beautiful mountain town with some 11,000 inhabitants and a lively plaza.<\/p>\n<p><img loading=\"lazy\" decoding=\"async\" id=\"longdesc-return-19\" class=\"size-full wp-image-19 alignnone\" tabindex=\"-1\" src=\"http:\/\/mosaics.dickinson.edu\/mexicanmigration2003\/wp-content\/uploads\/sites\/9\/2018\/01\/image050.jpg\" alt=\"Fountain\" width=\"240\" height=\"160\" longdesc=\"http:\/\/mosaics.dickinson.edu\/mexicanmigration2003?longdesc=19&amp;referrer=5\" \/><\/p>\n<p>We decided to go to Perib\u00e1n because the majority of remittances are sent there form people living in and around York Springs, Pennsylvania. Perib\u00e1n de Ramos serves as the cabecera municipal, or county seat of the municipality of Perib\u00e1n, in the state of Michoac\u00e1n, Mexico. With 11,200 residents, Perib\u00e1n de Ramos is primarily an agricultural region, producing avocados and a wide range of fruits and vegetables. The nearest major city to this rural Mexican town, Uruapan, is over an hour away. Several of the roads that lead away from Perib\u00e1n are still not paved. While Perib\u00e1n de Ramos itself has electricity and potable water, several of the 33 communities in the municipality of some 25,000 inhabitants do not. The rates of un- and under-employment are high, which accounts for the extensive levels of migration to the United States.<\/p>\n<p>Perib\u00e1n de Ramos is also the hometown of the majority of the Mexican migrants and immigrants now living in York Springs, Pennsylvania. Many maintain constant contact with their families in Perib\u00e1n, and an informal network has been established where potential migrants receive information about work opportunities in Pennsylvania and the latest conditions and problems crossing the border. Considerable sums of money are sent back to Mexico, and some migrants are constructing new homes in their home villages with earnings from the US. We will focus on the impacts of circular migration on community transformation in both the sending community of Perib\u00e1n de Ramos and the receiving community of York Springs, PA.<\/p>\n<h4>York Springs, Adams County, PA:<\/h4>\n<p><img loading=\"lazy\" decoding=\"async\" class=\"size-full wp-image-20 alignnone\" src=\"http:\/\/mosaics.dickinson.edu\/mexicanmigration2003\/wp-content\/uploads\/sites\/9\/2018\/01\/image051.jpg\" alt=\"Apple Trees\" width=\"296\" height=\"137\" \/><\/p>\n<p>Adams County lies some 18 miles from Dickinson&#8217;s campus, and was host to the <a href=\"http:\/\/mosaics.dickinson.edu\/mexicanmigration1998\/\">Dickinson&#8217;s 1998 American Mosaic<\/a>. It has long been one of the most productive fruit growing regions in the United Sates. Local growers of apples, peaches, pears, and other orchard fruits have historically depended upon migrant worker to pick their crops cheaply and efficiently throughout the region.<\/p>\n<p><img loading=\"lazy\" decoding=\"async\" id=\"longdesc-return-21\" class=\"alignnone size-full wp-image-21\" tabindex=\"-1\" src=\"http:\/\/mosaics.dickinson.edu\/mexicanmigration2003\/wp-content\/uploads\/sites\/9\/2018\/01\/image053.jpg\" alt=\"Apple Pickers\" width=\"132\" height=\"92\" longdesc=\"http:\/\/mosaics.dickinson.edu\/mexicanmigration2003?longdesc=21&amp;referrer=5\" \/> \u00a0 \u00a0 <img loading=\"lazy\" decoding=\"async\" id=\"longdesc-return-22\" class=\"alignnone size-full wp-image-22\" tabindex=\"-1\" src=\"http:\/\/mosaics.dickinson.edu\/mexicanmigration2003\/wp-content\/uploads\/sites\/9\/2018\/01\/image055.jpg\" alt=\"Hollabaugh Farm and Market\" width=\"138\" height=\"92\" longdesc=\"http:\/\/mosaics.dickinson.edu\/mexicanmigration2003?longdesc=22&amp;referrer=5\" \/> \u00a0 \u00a0 <img loading=\"lazy\" decoding=\"async\" id=\"longdesc-return-23\" class=\"alignnone size-full wp-image-23\" tabindex=\"-1\" src=\"http:\/\/mosaics.dickinson.edu\/mexicanmigration2003\/wp-content\/uploads\/sites\/9\/2018\/01\/image057.jpg\" alt=\"Apple Picker\" width=\"96\" height=\"133\" longdesc=\"http:\/\/mosaics.dickinson.edu\/mexicanmigration2003?longdesc=23&amp;referrer=5\" \/><\/p>\n<p>In recent years, laborers have come from outside the United States, mostly migrating north from Mexico. Many of them come from villages in the state of Michoac\u00e1n, not far from Quer\u00e9taro, Dickinson&#8217;s partner site for international programs in Mexico.<\/p>\n<p>Many of the Mexican migrant workers have decided to settle permanently in the small towns that dot the county, particularly in municipalities such as Biglerville, York Springs, and Gettysburg. These permanent residents are in the process of establishing a Mexican-American community in Adams County, a development that has introduced the region to new degrees of linguistic, racial, religious, and cultural diversity. For this reason, the region provides a rich site for students interested in learning about ethnicity and multi-culturalism in the United States. According to the U.S. Census data, there were 1,216 Hispanics in Adams County in 1990 and almost triple that number in 2000 with 3,323 persons of Hispanic or Latino origin. While 95.4 percent of the Adams County population is white, 3.6 percent is Hispanic or Latino. Of this 3.6%, seventy-two percent (2,366) are of Mexican origin.<\/p>\n<p><img loading=\"lazy\" decoding=\"async\" id=\"longdesc-return-24\" class=\"size-full wp-image-24 alignnone\" tabindex=\"-1\" src=\"http:\/\/mosaics.dickinson.edu\/mexicanmigration2003\/wp-content\/uploads\/sites\/9\/2018\/01\/image058.jpg\" alt=\"Photograph of store front\" width=\"145\" height=\"100\" longdesc=\"http:\/\/mosaics.dickinson.edu\/mexicanmigration2003?longdesc=24&amp;referrer=5\" \/><\/p>\n<p>Increasingly, families, as well as single men, are settling and finding work in the food processing and poultry plants, egg factories, and construction. According to the U.S. Census data, there were 1,216 Hispanics in Adams County in 1990 and almost triple that number in 2000 with 3,323 persons of Hispanic or Latino origin out of a total population of 91,292 residents. While 95.4 percent of the Adams County population is white, 3.6 percent is Hispanic or Latino. Of this 3.6%, seventy-two percent (2,366) are of Mexican origin. York Springs has a total population of 574 residents; the Hispanic population is 141 people, with 138 of those originating from Mexico (U.S. Census Bureau 2000).<\/p>\n<div id=\"attachment_25\" style=\"width: 174px\" class=\"wp-caption alignnone\"><img loading=\"lazy\" decoding=\"async\" aria-describedby=\"caption-attachment-25\" id=\"longdesc-return-25\" class=\"size-full wp-image-25\" tabindex=\"-1\" src=\"http:\/\/mosaics.dickinson.edu\/mexicanmigration2003\/wp-content\/uploads\/sites\/9\/2018\/01\/image059.jpg\" alt=\"Garcia Family and Dickinsonians\" width=\"164\" height=\"140\" longdesc=\"http:\/\/mosaics.dickinson.edu\/mexicanmigration2003?longdesc=25&amp;referrer=5\" \/><p id=\"caption-attachment-25\" class=\"wp-caption-text\">The Esquivel and Garc\u00eda Families &amp; Dickinsonians in York Springs<\/p><\/div>\n<div id=\"attachment_26\" style=\"width: 188px\" class=\"wp-caption alignnone\"><img loading=\"lazy\" decoding=\"async\" aria-describedby=\"caption-attachment-26\" id=\"longdesc-return-26\" class=\"wp-image-26 size-full\" tabindex=\"-1\" src=\"http:\/\/mosaics.dickinson.edu\/mexicanmigration2003\/wp-content\/uploads\/sites\/9\/2018\/01\/image060.jpg\" alt=\"Family in Periban\" width=\"178\" height=\"142\" longdesc=\"http:\/\/mosaics.dickinson.edu\/mexicanmigration2003?longdesc=26&amp;referrer=5\" \/><p id=\"caption-attachment-26\" class=\"wp-caption-text\">Perib\u00e1n<\/p><\/div>\n","protected":false},"excerpt":{"rendered":"<p>Adams County, PA, USA &amp; Periban de Ramos, Michoacan, Mexico \u00a0 \u00a0 \u00a0 \u00a0 \u00a0 \u00a0\u00a0 Dickinson students and faculty in the Mexican Migration Mosaic worked with communities in Adams County, Pennsylvania and Perib\u00e1n in Michoac\u00e1n, Mexico. These communities, which lie on opposite ends of the continent, stand connected through family, work and circular migration. [&hellip;]<\/p>\n","protected":false},"author":2,"featured_media":95,"parent":0,"menu_order":0,"comment_status":"closed","ping_status":"closed","template":"","meta":{"footnotes":""},"class_list":["post-5","page","type-page","status-publish","has-post-thumbnail","hentry","post-preview"],"_links":{"self":[{"href":"https:\/\/mosaics.dickinson.edu\/mexicanmigration2003\/wp-json\/wp\/v2\/pages\/5","targetHints":{"allow":["GET"]}}],"collection":[{"href":"https:\/\/mosaics.dickinson.edu\/mexicanmigration2003\/wp-json\/wp\/v2\/pages"}],"about":[{"href":"https:\/\/mosaics.dickinson.edu\/mexicanmigration2003\/wp-json\/wp\/v2\/types\/page"}],"author":[{"embeddable":true,"href":"https:\/\/mosaics.dickinson.edu\/mexicanmigration2003\/wp-json\/wp\/v2\/users\/2"}],"replies":[{"embeddable":true,"href":"https:\/\/mosaics.dickinson.edu\/mexicanmigration2003\/wp-json\/wp\/v2\/comments?post=5"}],"version-history":[{"count":5,"href":"https:\/\/mosaics.dickinson.edu\/mexicanmigration2003\/wp-json\/wp\/v2\/pages\/5\/revisions"}],"predecessor-version":[{"id":93,"href":"https:\/\/mosaics.dickinson.edu\/mexicanmigration2003\/wp-json\/wp\/v2\/pages\/5\/revisions\/93"}],"wp:featuredmedia":[{"embeddable":true,"href":"https:\/\/mosaics.dickinson.edu\/mexicanmigration2003\/wp-json\/wp\/v2\/media\/95"}],"wp:attachment":[{"href":"https:\/\/mosaics.dickinson.edu\/mexicanmigration2003\/wp-json\/wp\/v2\/media?parent=5"}],"curies":[{"name":"wp","href":"https:\/\/api.w.org\/{rel}","templated":true}]}}