{"id":154,"date":"2019-03-26T20:22:28","date_gmt":"2019-03-26T20:22:28","guid":{"rendered":"http:\/\/mosaics.dickinson.edu\/patagonia2001\/?page_id=154"},"modified":"2019-03-26T20:22:32","modified_gmt":"2019-03-26T20:22:32","slug":"karla-nieves-reflection","status":"publish","type":"page","link":"https:\/\/mosaics.dickinson.edu\/patagonia2001\/reflections\/karla-nieves-reflection\/","title":{"rendered":"Karla Nieves&#8217; Reflection"},"content":{"rendered":"<p>Cuando fui aceptada en el primer Mosaico Internacional de Dickinson la emoci\u00f3n fue muy grande porque significaba que iba a poder ir a Argentina. Aunque no sab\u00eda c\u00f3mo iba a ser la experiencia, esas dos semanas que estuve en Comodoro me ayudaron a definir muchas cosas de mi vida que no ten\u00eda muy claras al llegar all\u00ed. Primero, que siempre quiero estar en contacto con los pa\u00edses de Latinoam\u00e9rica, su cultura y su historia. Cuando me gradue de Dickinson el a\u00f1o que viene quiero conseguir un trabajo que est\u00e9 relacionado a Latinoam\u00e9rica.<\/p>\n<p>Esta experiencia no hubiera sido la misma sin el gran apoyo y trabajo de los profesores que nos acompa\u00f1aron en el viaje. Tambi\u00e9n tuve mucha suerte de poderme hospedar con la familia Ivanoff que me acogi\u00f3 como si fuera su hija y me hizo sentir muy a gusto y querida mientras estuve all\u00ed -y estando ac\u00e1 tambi\u00e9n. Esta maravillosa experiencia la llevar\u00e9 muy cerca del coraz\u00f3n hoy y siempre.<\/p>\n\n\t\t<style type=\"text\/css\">\n\t\t\t#gallery-1 {\n\t\t\t\tmargin: auto;\n\t\t\t}\n\t\t\t#gallery-1 .gallery-item {\n\t\t\t\tfloat: left;\n\t\t\t\tmargin-top: 10px;\n\t\t\t\ttext-align: center;\n\t\t\t\twidth: 33%;\n\t\t\t}\n\t\t\t#gallery-1 img {\n\t\t\t\tborder: 2px solid #cfcfcf;\n\t\t\t}\n\t\t\t#gallery-1 .gallery-caption {\n\t\t\t\tmargin-left: 0;\n\t\t\t}\n\t\t\t\/* see gallery_shortcode() in wp-includes\/media.php *\/\n\t\t<\/style>\n\t\t<div id='gallery-1' class='gallery galleryid-154 gallery-columns-3 gallery-size-large'><dl class='gallery-item'>\n\t\t\t<dt class='gallery-icon landscape'>\n\t\t\t\t<a href='https:\/\/mosaics.dickinson.edu\/patagonia2001\/reflections\/karla-nieves-reflection\/karlanieves-picture1\/'><img loading=\"lazy\" decoding=\"async\" width=\"212\" height=\"200\" src=\"https:\/\/mosaics.dickinson.edu\/patagonia2001\/wp-content\/uploads\/sites\/6\/2019\/03\/KarlaNieves-picture1.jpg\" class=\"attachment-large size-large\" alt=\"Karla with Host Family\" aria-describedby=\"gallery-1-155\" \/><\/a>\n\t\t\t<\/dt>\n\t\t\t\t<dd class='wp-caption-text gallery-caption' id='gallery-1-155'>\n\t\t\t\tYo y mis pap\u00e1s. Escog\u00ed esta foto porque quiero que todo el mundo vea y conozca a mis pap\u00e1s argentinos. Gracias a ellos mi estad\u00eda all\u00e1 fue maravillosa porque no fui una invitada mientras estuve all\u00e1; de verdad que \nme adpotaron como su hija y hasta el d\u00eda de hoy me siguen llamando nuestra hija.\n\t\t\t\t<\/dd><\/dl><dl class='gallery-item'>\n\t\t\t<dt class='gallery-icon portrait'>\n\t\t\t\t<a href='https:\/\/mosaics.dickinson.edu\/patagonia2001\/reflections\/karla-nieves-reflection\/karlanieves-picture2\/'><img loading=\"lazy\" decoding=\"async\" width=\"200\" height=\"243\" src=\"https:\/\/mosaics.dickinson.edu\/patagonia2001\/wp-content\/uploads\/sites\/6\/2019\/03\/KarlaNieves-picture2.jpg\" class=\"attachment-large size-large\" alt=\"Group Photograph\" aria-describedby=\"gallery-1-156\" \/><\/a>\n\t\t\t<\/dt>\n\t\t\t\t<dd class='wp-caption-text gallery-caption' id='gallery-1-156'>\n\t\t\t\tNo s\u00f3lo fue mi familia la que hizo esta experiencia maravillosa sino todos los comodorenses que estuvieron involucrados en el programa y que estuvieron con nosotros desde el primer d\u00eda que llegamos. Aqu\u00ed estamos en un asado en la Asociaci\u00f3n B\u00falgara.\n\t\t\t\t<\/dd><\/dl><dl class='gallery-item'>\n\t\t\t<dt class='gallery-icon landscape'>\n\t\t\t\t<a href='https:\/\/mosaics.dickinson.edu\/patagonia2001\/reflections\/karla-nieves-reflection\/karlanieves-picture3b\/'><img loading=\"lazy\" decoding=\"async\" width=\"291\" height=\"200\" src=\"https:\/\/mosaics.dickinson.edu\/patagonia2001\/wp-content\/uploads\/sites\/6\/2019\/03\/karlanieves-picture3b.jpg\" class=\"attachment-large size-large\" alt=\"Group Photograph\" aria-describedby=\"gallery-1-157\" \/><\/a>\n\t\t\t<\/dt>\n\t\t\t\t<dd class='wp-caption-text gallery-caption' id='gallery-1-157'>\n\t\t\t\tSi no hubiera habido una buena qu\u00edmica entre nosotros, los estudiantes, este viaje no hubiera sido tan exitoso como lo fue. Esta foto tomada en el cerro demuestra la buena qu\u00edmica que hay entre nosotros y tambi\u00e9n a lo lejos podemos ver la ciudad.\n\t\t\t\t<\/dd><\/dl><br style=\"clear: both\" \/>\n\t\t<\/div>\n\n<p>Return to <a href=\"http:\/\/mosaics.dickinson.edu\/patagonia2001\/reflections\/\">Reflections<\/a> page.<\/p>\n","protected":false},"excerpt":{"rendered":"<p>Cuando fui aceptada en el primer Mosaico Internacional de Dickinson la emoci\u00f3n fue muy grande porque significaba que iba a poder ir a Argentina. Aunque no sab\u00eda c\u00f3mo iba a ser la experiencia, esas dos semanas que estuve en Comodoro me ayudaron a definir muchas cosas de mi vida que no ten\u00eda muy claras al [&hellip;]<\/p>\n","protected":false},"author":2,"featured_media":0,"parent":96,"menu_order":7,"comment_status":"closed","ping_status":"closed","template":"","meta":{"footnotes":""},"class_list":["post-154","page","type-page","status-publish","hentry","post-preview"],"_links":{"self":[{"href":"https:\/\/mosaics.dickinson.edu\/patagonia2001\/wp-json\/wp\/v2\/pages\/154","targetHints":{"allow":["GET"]}}],"collection":[{"href":"https:\/\/mosaics.dickinson.edu\/patagonia2001\/wp-json\/wp\/v2\/pages"}],"about":[{"href":"https:\/\/mosaics.dickinson.edu\/patagonia2001\/wp-json\/wp\/v2\/types\/page"}],"author":[{"embeddable":true,"href":"https:\/\/mosaics.dickinson.edu\/patagonia2001\/wp-json\/wp\/v2\/users\/2"}],"replies":[{"embeddable":true,"href":"https:\/\/mosaics.dickinson.edu\/patagonia2001\/wp-json\/wp\/v2\/comments?post=154"}],"version-history":[{"count":1,"href":"https:\/\/mosaics.dickinson.edu\/patagonia2001\/wp-json\/wp\/v2\/pages\/154\/revisions"}],"predecessor-version":[{"id":158,"href":"https:\/\/mosaics.dickinson.edu\/patagonia2001\/wp-json\/wp\/v2\/pages\/154\/revisions\/158"}],"up":[{"embeddable":true,"href":"https:\/\/mosaics.dickinson.edu\/patagonia2001\/wp-json\/wp\/v2\/pages\/96"}],"wp:attachment":[{"href":"https:\/\/mosaics.dickinson.edu\/patagonia2001\/wp-json\/wp\/v2\/media?parent=154"}],"curies":[{"name":"wp","href":"https:\/\/api.w.org\/{rel}","templated":true}]}}