{"id":59,"date":"2019-03-25T20:09:53","date_gmt":"2019-03-25T20:09:53","guid":{"rendered":"http:\/\/mosaics.dickinson.edu\/patagonia2001\/?page_id=59"},"modified":"2019-03-25T20:21:59","modified_gmt":"2019-03-25T20:21:59","slug":"general-information-argentina-buenos-aires","status":"publish","type":"page","link":"https:\/\/mosaics.dickinson.edu\/patagonia2001\/course\/general-information-argentina-buenos-aires\/","title":{"rendered":"General Information (Argentina, Buenos Aires)"},"content":{"rendered":"<p>&nbsp;<\/p>\n<p><img loading=\"lazy\" decoding=\"async\" id=\"longdesc-return-19\" class=\"alignleft size-full wp-image-19\" tabindex=\"-1\" src=\"http:\/\/mosaics.dickinson.edu\/patagonia2001\/wp-content\/uploads\/sites\/6\/2019\/03\/ArgentinaMap.gif\" alt=\"Map of Argentina\" width=\"150\" height=\"96\" longdesc=\"http:\/\/mosaics.dickinson.edu\/patagonia2001?longdesc=19&amp;referrer=59\" \/><\/p>\n<p>&nbsp;<\/p>\n<p>&nbsp;<\/p>\n<p>&nbsp;<\/p>\n<p><strong>Tourist information\/guides<\/strong><\/p>\n<ul>\n<li><a href=\"https:\/\/www.argentina.gob.ar\/turismo\">Secretar\u00eda de Turismo<\/a> [Argentine Tourism Bureau]<\/li>\n<li><a href=\"https:\/\/www.lonelyplanet.com\/argentina\">Lonely Planet&#8217;s introduction to Argentina<\/a><\/li>\n<li><a href=\"https:\/\/travelnotes.org\/LatinAmerica\/argentina.htm\">Travel Notes on Argentina<\/a><\/li>\n<li>Excite Travel. Destination: Argentina<\/li>\n<li><a href=\"http:\/\/www.geographia.com\/argentina\/\">Introduction to Argentina<\/a><\/li>\n<li>El sur del sur\/The Southernmost South<\/li>\n<li><a href=\"http:\/\/www.argentinamenu.com\/\">Guide to Argentine cities<\/a><\/li>\n<li>Buenos Aires guide I<\/li>\n<li><a href=\"https:\/\/wn.com\/Buenos\">Buenos Aires guide II<\/a><\/li>\n<\/ul>\n<p><strong>Newspapers<\/strong><\/p>\n<ul>\n<li><a href=\"https:\/\/www.clarin.com\/\">Clar\u00edn<\/a><\/li>\n<li><a href=\"https:\/\/www.lanacion.com.ar\/\">La Naci\u00f3n<\/a><\/li>\n<li><a href=\"https:\/\/www.pagina12.com.ar\/\">P\u00e1gina12<\/a><\/li>\n<\/ul>\n<p><strong>TV<\/strong><\/p>\n<ul>\n<li><a href=\"https:\/\/tn.com.ar\/\">TN\/Todo Noticias\u00a0[live TV broadcast on the web with Windows Media Player]<\/a><\/li>\n<\/ul>\n<p><strong>Search engines<\/strong><\/p>\n<ul>\n<li><a href=\"https:\/\/www.grippo.com.ar\/\">Grippo -Argentine Directory<\/a><\/li>\n<li><a href=\"http:\/\/terra.com.ar\">Terra directory<\/a><\/li>\n<li><a href=\"https:\/\/www.ciudad.com.ar\/\">Ciudad directory<\/a><\/li>\n<li>Brujula<\/li>\n<li><a href=\"https:\/\/espanol.yahoo.com\/\">Yahoo Argentina<\/a><\/li>\n<\/ul>\n<p><strong>General information<\/strong><\/p>\n<ul>\n<li><a href=\"http:\/\/www.lanic.utexas.edu\/la\/argentina\/\">University of Texas Latin American Information Center &#8211; Argentina<\/a><\/li>\n<\/ul>\n","protected":false},"excerpt":{"rendered":"<p>&nbsp; &nbsp; &nbsp; &nbsp; Tourist information\/guides Secretar\u00eda de Turismo [Argentine Tourism Bureau] Lonely Planet&#8217;s introduction to Argentina Travel Notes on Argentina Excite Travel. Destination: Argentina Introduction to Argentina El sur del sur\/The Southernmost South Guide to Argentine cities Buenos Aires guide I Buenos Aires guide II Newspapers Clar\u00edn La Naci\u00f3n P\u00e1gina12 TV TN\/Todo Noticias\u00a0[live TV [&hellip;]<\/p>\n","protected":false},"author":2,"featured_media":0,"parent":11,"menu_order":2,"comment_status":"closed","ping_status":"closed","template":"","meta":{"footnotes":""},"class_list":["post-59","page","type-page","status-publish","hentry","post-preview"],"_links":{"self":[{"href":"https:\/\/mosaics.dickinson.edu\/patagonia2001\/wp-json\/wp\/v2\/pages\/59","targetHints":{"allow":["GET"]}}],"collection":[{"href":"https:\/\/mosaics.dickinson.edu\/patagonia2001\/wp-json\/wp\/v2\/pages"}],"about":[{"href":"https:\/\/mosaics.dickinson.edu\/patagonia2001\/wp-json\/wp\/v2\/types\/page"}],"author":[{"embeddable":true,"href":"https:\/\/mosaics.dickinson.edu\/patagonia2001\/wp-json\/wp\/v2\/users\/2"}],"replies":[{"embeddable":true,"href":"https:\/\/mosaics.dickinson.edu\/patagonia2001\/wp-json\/wp\/v2\/comments?post=59"}],"version-history":[{"count":7,"href":"https:\/\/mosaics.dickinson.edu\/patagonia2001\/wp-json\/wp\/v2\/pages\/59\/revisions"}],"predecessor-version":[{"id":66,"href":"https:\/\/mosaics.dickinson.edu\/patagonia2001\/wp-json\/wp\/v2\/pages\/59\/revisions\/66"}],"up":[{"embeddable":true,"href":"https:\/\/mosaics.dickinson.edu\/patagonia2001\/wp-json\/wp\/v2\/pages\/11"}],"wp:attachment":[{"href":"https:\/\/mosaics.dickinson.edu\/patagonia2001\/wp-json\/wp\/v2\/media?parent=59"}],"curies":[{"name":"wp","href":"https:\/\/api.w.org\/{rel}","templated":true}]}}