{"id":94,"date":"2019-03-26T18:03:59","date_gmt":"2019-03-26T18:03:59","guid":{"rendered":"http:\/\/mosaics.dickinson.edu\/patagonia2001\/?page_id=94"},"modified":"2019-03-27T20:15:55","modified_gmt":"2019-03-27T20:15:55","slug":"projects","status":"publish","type":"page","link":"https:\/\/mosaics.dickinson.edu\/patagonia2001\/projects\/","title":{"rendered":"Projects"},"content":{"rendered":"<h4>Virtual exhibit:<\/h4>\n<ul>\n<li><strong>Spaces: A Look at Petroleum Company Towns in Patagonia, Argentina<\/strong>, by Julia Bergen and Kristin McLane<\/li>\n<\/ul>\n<h4>Papers:<\/h4>\n<ul>\n<li><a href=\"http:\/\/mosaics.dickinson.edu\/patagonia2001\/from-cafe-to-mate-remembering-the-female-immigrant-experience-portugal-to-argentina-by-angela-reynolds-and-jasmin-sanchez\/\"><strong>From Caf\u00e9 to Mat\u00e9: Remembering the Female Immigrant Experience, Portugal to Argentina<\/strong>, by Angela Reynolds and Jasmin S\u00e1nchez<\/a><\/li>\n<li><a href=\"http:\/\/mosaics.dickinson.edu\/patagonia2001\/projects\/germans-in-argentina-two-testimonies-from-comodoro-rivadavia-by-kirsten-korell\/\"><strong>Germans in Argentina: Two Testimonies from Comodoro Rivadavia<\/strong>, by Kirsten Korell<\/a><\/li>\n<li><a href=\"http:\/\/mosaics.dickinson.edu\/patagonia2001\/projects\/italians-in-patagonia-a-look-at-post-world-war-ii-italian-immigration-to-comodoro-rivadavia-through-two-life-histories-by-lisa-fiorentino\/\"><strong>Italians in Patagonia: A Look at Post-World War II Italian Immigration to Comodoro Rivadavia Through Two Life Histories<\/strong>, by Lisa Fiorentino<\/a><\/li>\n<li><strong>Gender Identity in Life Histories: Bulgarian and Spanish Women in Comodoro Rivadavia<\/strong>, by Mar\u00eda Jos\u00e9 Garrido and Mar\u00eda Laura Olivares (en castellano)<\/li>\n<\/ul>\n<h4>Videos:<\/h4>\n<ul>\n<li><strong>A Century in the Making: The Building of an Argentine Community in Comodoro Rivadavia<\/strong>, by Elizabeth Cardillo, Colleen Heller, Karla Nieves, and David Stein<\/li>\n<li><strong>La heterogeneidad nos une \/ Heterogeneity Unites Us: Barrio San Mart\u00edn, Comodoro Rivadavia<\/strong>, by Rosemary McGunnigle<\/li>\n<\/ul>\n","protected":false},"excerpt":{"rendered":"<p>Virtual exhibit: Spaces: A Look at Petroleum Company Towns in Patagonia, Argentina, by Julia Bergen and Kristin McLane Papers: From Caf\u00e9 to Mat\u00e9: Remembering the Female Immigrant Experience, Portugal to Argentina, by Angela Reynolds and Jasmin S\u00e1nchez Germans in Argentina: Two Testimonies from Comodoro Rivadavia, by Kirsten Korell Italians in Patagonia: A Look at Post-World [&hellip;]<\/p>\n","protected":false},"author":2,"featured_media":0,"parent":0,"menu_order":3,"comment_status":"closed","ping_status":"closed","template":"","meta":{"footnotes":""},"class_list":["post-94","page","type-page","status-publish","hentry","post-preview"],"_links":{"self":[{"href":"https:\/\/mosaics.dickinson.edu\/patagonia2001\/wp-json\/wp\/v2\/pages\/94","targetHints":{"allow":["GET"]}}],"collection":[{"href":"https:\/\/mosaics.dickinson.edu\/patagonia2001\/wp-json\/wp\/v2\/pages"}],"about":[{"href":"https:\/\/mosaics.dickinson.edu\/patagonia2001\/wp-json\/wp\/v2\/types\/page"}],"author":[{"embeddable":true,"href":"https:\/\/mosaics.dickinson.edu\/patagonia2001\/wp-json\/wp\/v2\/users\/2"}],"replies":[{"embeddable":true,"href":"https:\/\/mosaics.dickinson.edu\/patagonia2001\/wp-json\/wp\/v2\/comments?post=94"}],"version-history":[{"count":4,"href":"https:\/\/mosaics.dickinson.edu\/patagonia2001\/wp-json\/wp\/v2\/pages\/94\/revisions"}],"predecessor-version":[{"id":205,"href":"https:\/\/mosaics.dickinson.edu\/patagonia2001\/wp-json\/wp\/v2\/pages\/94\/revisions\/205"}],"wp:attachment":[{"href":"https:\/\/mosaics.dickinson.edu\/patagonia2001\/wp-json\/wp\/v2\/media?parent=94"}],"curies":[{"name":"wp","href":"https:\/\/api.w.org\/{rel}","templated":true}]}}